mainder when 33 is divided by r?
5
Let m = 85 + 53. What is the remainder when m is divided by 35?
33
Let r(p) = 11*p + 2*p - 4*p**3 + 3*p**3 + 12 - 6*p**2. Let k(d) = d**3 - 4*d**2 - 8*d - 5. What is the remainder when r(-8) is divided by k(6)?
17
Let w(h) = -h. Calculate the remainder when 7 is divided by w(-4).
3
Let q(h) = h. Suppose 2*g = 3*g - 3. Let v be q(g). Calculate the remainder when 14 is divided by (-1)/(-3)*v*5.
4
Let a be -2 + (2 - 2) + 1. Let l = 14 + a. Suppose 2*y - 62 = -12. What is the remainder when y is divided by l?
12
Let a(i) = 4*i - 3. Let t be a(5). Let r = t - 3. Calculate the remainder when r is divided by 5.
4
Let w(f) = -7*f**3 + f**2 - f - 1. Let y = 32 - 33. What is the remainder when w(y) is divided by 3/2*(2 - 0)?
2
Let c = 43 + -27. What is the remainder when 62 is divided by c?
14
Let k = 17 - 11. Suppose -2*z = -0 - k. Suppose -2*g + 11 = 1. What is the remainder when g is divided by z?
2
Let q = -2 + 4. Suppose q*u - 5 = 9. Calculate the remainder when 12 is divided by u.
5
Suppose 0 = 4*w - h - 45, w = -5*h + h - 10. Let z = w + 26. Calculate the remainder when z is divided by 13.
10
Let s(b) = -6*b - 1. Let u = 48 - 30. What is the remainder when s(-9) is divided by u?
17
Let j(w) = -57*w**2 - 6*w + 1. Let g(c) = 56*c**2 + 5*c - 1. Let t(l) = 7*g(l) + 6*j(l). What is the remainder when t(-1) is divided by 13?
11
Suppose 0 = 18*g - 13*g - 220. Calculate the remainder when g is divided by 9.
8
Suppose l + 108 = 118. Suppose 2*g - 82 = -26. Calculate the remainder when g is divided by l.
8
Let y be (-15)/25 - 23/(-5). Suppose -6 + 22 = y*n. What is the remainder when 18 is divided by n?
2
Suppose 4*h = -5*z + 7*z - 252, -124 = -z + 3*h. What is the remainder when z is divided by 7?
4
Calculate the remainder when 44 is divided by (-4)/(-6) + 67/3.
21
Let j(q) = -7*q**3 + 2*q**2 + 4*q + 3. Calculate the remainder when j(-2) is divided by 16.
11
Let o = 50 + -43. Calculate the remainder when 60 is divided by o.
4
Suppose -5*o + 4*u + 66 = 0, 4*o - 1 - 31 = -2*u. Calculate the remainder when 75 is divided by o.
5
Let n = 21 + 0. What is the remainder when 41 is divided by n?
20
Suppose 28 = -4*c - 144. Let i = c - -124. Suppose -z + i = 2*z. What is the remainder when z is divided by 14?
13
Suppose -3*q + 4*r = 2*q - 7, 5*q = 3*r + 9. Suppose -2*s - 115 = -5*p - s, 5*s = -q*p + 41. Calculate the remainder when p is divided by ((-9)/2)/(3/(-8)).
10
Let k(y) = y**2 - 2*y - 4. Let j be k(4). Let v = 29 + -19. Let w = v + j. What is the remainder when w is divided by 4?
2
Suppose -x + 25 = j, x + 3*j = 24 - 5. What is the remainder when 111 is divided by x?
27
Let y = -9 + 26. Suppose -40*i - 195 = -43*i. What is the remainder when i is divided by y?
14
Suppose 12 = 4*q, -26 = -h - 2*q - 1. Calculate the remainder when 35 is divided by h.
16
What is the remainder when (248/(-10))/(10/(-25)) is divided by 16?
14
Suppose 12*u - 93 = 87. What is the remainder when u is divided by 15?
0
Let f(k) = k**2 + 4*k - 17. What is the remainder when 18 is divided by f(-7)?
2
Let g(p) = -p - 5. Let k(m) = m**2 + 5*m**2 - 5*m**2. Calculate the remainder when k(2) is divided by g(-7).
0
What is the remainder when (-22)/11*(-46 + -1) is divided by 16?
14
Let a(m) = -m - 3. Let d(j) = j. Let y be d(8). Suppose p = 1 - y. What is the remainder when 6 is divided by a(p)?
2
Suppose -v - 5*a = -24, 4*v + 12*a = 16*a + 144. What is the remainder when 134 is divided by v?
32
Let q(k) = k**2 + 2*k + 3. What is the remainder when q(5) is divided by 13?
12
Let b = -127 + 224. Calculate the remainder when b is divided by 25.
22
Suppose -2*r + 6 = -2. Suppose -5*c + r*q - q = -15, q = -2*c - 5. Let b(n) = n**3 + n**2 + 24. What is the remainder when b(c) is divided by 13?
11
Let k(g) = g - 6. Let c(b) = -b**3 + 6*b**2 + b + 4. Let o be c(6). Let d be k(o). Calculate the remainder when (29/d)/(7/28) is divided by 15.
14
Let b(q) = -q**2 - 3*q. Let z be b(-3). Calculate the remainder when 3 - z/(-3) - -9 is divided by 7.
5
Let b(z) = 40*z**3 + 2*z - 1. Let f be b(1). Let h = f - 28. What is the remainder when 38 is divided by h?
12
Let d(c) = 12*c**2 - c. Let r be d(1). Calculate the remainder when r*-1*(-1)/1 is divided by 6.
5
Let o = 1 + 16. Calculate the remainder when (-98)/3*(-27)/18 is divided by o.
15
Suppose -2*i - 1 = -3, -2*i = -4*k + 122. What is the remainder when k is divided by 18?
13
Let o(f) be the third derivative of -3*f**4/8 - 2*f**2. What is the remainder when 17 is divided by o(-1)?
8
Let z(a) = -a**3 + 4*a**2 + 2. Let l be 3/(-15) + (-102)/15. Let b = l + 11. What is the remainder when 5 is divided by z(b)?
1
Suppose 3*w - 186 + 44 = -4*g, g = 3*w + 43. What is the remainder when g is divided by 13?
11
Suppose 5 = 5*a - 20. What is the remainder when 37 is divided by a?
2
Suppose d = -5*h + 31, -3*d - 18 = -6. What is the remainder when 19 is divided by h?
5
Suppose 0 = -5*i - 2*u + 21, -i + 11 = 2*u + 2. Suppose -v + 20 = i*v. Suppose 0 = -3*z - 3 + 12. What is the remainder when v is divided by z?
2
Suppose 4*i - 3*i = 9. Suppose -i - 3 = -n. Suppose 4*s + 5*j = -n + 43, 0 = -s + 5*j + 39. What is the remainder when 40 is divided by s?
12
Let r = -87 - -91. What is the remainder when 5 is divided by r?
1
Let l = 9 + 12. What is the remainder when l is divided by 6?
3
Let w(a) = 4*a + 10. Calculate the remainder when w(3) is divided by 3.
1
Let g = 7 + -7. Suppose g = 4*a - 3*a - 5*f - 16, -4*f = 2*a - 18. Let o(i) = -7*i - 3. Calculate the remainder when o(-5) is divided by a.
10
Let d = -3 + 13. Suppose -b = -2*a + 11, -12*a + b = -8*a - 23. Calculate the remainder when d is divided by a.
4
Let l(o) = -o**3 + 3*o**2 + 2*o + 1. Let c be l(3). Suppose -z - c + 33 = 0. Calculate the remainder when z is divided by -2*(1 + (1 - 9)).
12
Suppose -3*r - 3 = 0, r - 12 + 28 = 3*d. Let o be 9/2 - (-1)/2. Suppose -o - d = -2*k. What is the remainder when 9 is divided by k?
4
Let j be 3 + (-2)/3*-6. Let r(h) = h**2 - 6*h + 2. What is the remainder when 33 is divided by r(j)?
6
Suppose 156 = 7*r - 3*r. Calculate the remainder when r is divided by 10.
9
Suppose 16 = 4*p - 8. Suppose -p*m + 65 = -m + 5*b, -5*m + 49 = b. Let l = m - -1. Calculate the remainder when 18 is divided by l.
8
Let b(o) = -o**3 + o**2 - o - 1. Let d be b(-1). Suppose d*t - 6*t = -8. Let k = 27 + -26. Calculate the remainder when t is divided by k.
0
Let t = 3 - -8. Let z(m) = -2*m - 3. Calculate the remainder when t is divided by z(-5).
4
Suppose 53*n - 1613 = 348. Suppose 5*c = -g + 46, -30 = -5*c - 4*g - g. What is the remainder when n is divided by c?
7
Suppose -17*y = -22 - 131. Calculate the remainder when 53 is divided by y.
8
Suppose 0 = 3*a - 7*a. Suppose 0 = -a*u + 5*u - 10. Let b = 21 - 15. Calculate the remainder when b is divided by u.
0
Suppose -4*k + 5 - 31 = -3*u, 3*k = u - 12. Suppose 3*m + 32 = m - 2*j, 5*m + 4*j + 79 = 0. What is the remainder when ((-12)/5)/(m/100) is divided by u?
4
Let o = -13 + 18. What is the remainder when 17 is divided by o?
2
Let i(a) = a + 3. Let l be i(-4). Let q be l*(-1)/1 - 30. Calculate the remainder when 34 is divided by 8/(-12) + q/(-3).
7
Let d(p) = p**2 + 5*p. Let m(q) be the second derivative of q**4/3 + q**3/6 - q**2 - q. Calculate the remainder when m(2) is divided by d(-6).
4
Suppose o - 5*o + 2*a + 18 = 0, -2*a = o + 3. Suppose 0*t = o*t + 6, y - t = 0. Calculate the remainder when 37 is divided by 13 - (-1 - 1 - y).
11
Suppose -3*j + 20 + 1 = 0. Calculate the remainder when 26 is divided by j.
5
Let a(m) = 4*m**2 + 4*m + 3. Let r = 18 + 13. Suppose 1 = u - r. What is the remainder when u is divided by a(-2)?
10
Let a(k) = 5*k**2 - 1. Let i be a(1). Suppose 3*t = -i*g + 16, 3*g - 2*t - 8 = g. Calculate the remainder when ((-21)/6)/(1/(-2)) is divided by g.
3
Suppose 12 = 2*t - 16. Suppose -2*h + 5 = -5*y, -5*h + 25 = -y + 1. What is the remainder when 0 - (-2 - 25/y) is divided by t?
13
Calculate the remainder when (-4)/10 + (-184)/(-10) is divided by 7.
4
What is the remainder when ((-64)/(-21) + (-4)/(-14))*18 is divided by 31?
29
Let c(k) = -4*k - 1. Let z be 3/(1 - (-8)/(-6)). Calculate the remainder when c(z) is divided by 12.
11
Suppose f + 1 = 12. What is the remainder when f is divided by 